{"id":8647,"date":"2024-01-09T10:13:03","date_gmt":"2024-01-09T09:13:03","guid":{"rendered":"http:\/\/www.biarritzsportsretraite.fr\/?post_type=tribe_events&#038;p=8647"},"modified":"2024-05-28T14:45:55","modified_gmt":"2024-05-28T12:45:55","slug":"sejour-rando-en-andorre","status":"publish","type":"tribe_events","link":"https:\/\/www.biarritzsportsretraite.fr\/index.php\/event\/sejour-rando-en-andorre\/","title":{"rendered":"S\u00e9jour rando en Andorre &#8211; PARKING IMPORTANT !!!"},"content":{"rendered":"<p>D\u00e9part lundi 3 juin<\/p>\n<div><b><span style=\"color: #ff0000;\">ATTENTION: le parking habituel d&rsquo;Iraty \u00e9tant en travaux, le lieu de Rendez-vous est de ce fait modifi\u00e9! Ce sera au Parking AGUILERA, entre <\/span><\/b><b><span style=\"color: #ff0000;\">l&rsquo;arri\u00e8re des tribunes, et le Ja\u00ef-Alai.<\/span><\/b><\/div>\n<div><\/div>\n<div><b><span style=\"color: #ff0000;\">Le bus sera stationn\u00e9 vers 7h10,<\/span><\/b>\u00a0pour chargement des bagages, et appel des randonneurs.<\/div>\n<div>\n<div>Un d\u00e9part<b> <\/b><b><span style=\"color: #ff0000;\">\u00e0 7h30 est imp\u00e9ratif<\/span><\/b><b><span style=\"color: #ff0000;\">!<\/span><\/b><\/div>\n<\/div>\n","protected":false},"excerpt":{"rendered":"<p>D\u00e9part lundi 3 juin ATTENTION: le parking habituel d&rsquo;Iraty \u00e9tant en travaux, le lieu de Rendez-vous est de ce fait modifi\u00e9! Ce sera au Parking AGUILERA, entre l&rsquo;arri\u00e8re des tribunes, et le Ja\u00ef-Alai. Le bus sera stationn\u00e9 vers 7h10,\u00a0pour chargement des bagages, et appel des randonneurs. Un d\u00e9part \u00e0 7h30 est imp\u00e9ratif!<\/p>\n","protected":false},"author":5,"featured_media":0,"template":"","meta":{"_acf_changed":false,"_seopress_robots_primary_cat":"","_seopress_titles_title":"","_seopress_titles_desc":"","_seopress_robots_index":"","_tribe_events_status":"","_tribe_events_status_reason":"","footnotes":""},"tags":[],"tribe_events_cat":[],"class_list":["post-8647","tribe_events","type-tribe_events","status-publish","hentry"],"acf":[],"_links":{"self":[{"href":"https:\/\/www.biarritzsportsretraite.fr\/index.php\/wp-json\/wp\/v2\/tribe_events\/8647","targetHints":{"allow":["GET"]}}],"collection":[{"href":"https:\/\/www.biarritzsportsretraite.fr\/index.php\/wp-json\/wp\/v2\/tribe_events"}],"about":[{"href":"https:\/\/www.biarritzsportsretraite.fr\/index.php\/wp-json\/wp\/v2\/types\/tribe_events"}],"author":[{"embeddable":true,"href":"https:\/\/www.biarritzsportsretraite.fr\/index.php\/wp-json\/wp\/v2\/users\/5"}],"version-history":[{"count":1,"href":"https:\/\/www.biarritzsportsretraite.fr\/index.php\/wp-json\/wp\/v2\/tribe_events\/8647\/revisions"}],"predecessor-version":[{"id":8650,"href":"https:\/\/www.biarritzsportsretraite.fr\/index.php\/wp-json\/wp\/v2\/tribe_events\/8647\/revisions\/8650"}],"wp:attachment":[{"href":"https:\/\/www.biarritzsportsretraite.fr\/index.php\/wp-json\/wp\/v2\/media?parent=8647"}],"wp:term":[{"taxonomy":"post_tag","embeddable":true,"href":"https:\/\/www.biarritzsportsretraite.fr\/index.php\/wp-json\/wp\/v2\/tags?post=8647"},{"taxonomy":"tribe_events_cat","embeddable":true,"href":"https:\/\/www.biarritzsportsretraite.fr\/index.php\/wp-json\/wp\/v2\/tribe_events_cat?post=8647"}],"curies":[{"name":"wp","href":"https:\/\/api.w.org\/{rel}","templated":true}]}}

Séjour rando en Andorre &#8211; PARKING IMPORTANT !!!

<p>Départ lundi 3 juin</p>
<div><b><span style="color: #ff0000;">ATTENTION: le parking habituel d&rsquo;Iraty étant en travaux, le lieu de Rendez-vous est de ce fait modifié! Ce sera au Parking AGUILERA, entre </span></b><b><span style="color: #ff0000;">l&rsquo;arrière des tribunes, et le Jaï-Alai.</span></b></div>
<div></div>
<div><b><span style="color: #ff0000;">Le bus sera stationné vers 7h10,</span></b> pour chargement des bagages, et appel des randonneurs.</div>
<div>
<div>Un départ<b> </b><b><span style="color: #ff0000;">à 7h30 est impératif</span></b><b><span style="color: #ff0000;">!</span></b></div>
</div>

<p>Départ lundi 3 juin ATTENTION: le parking habituel d&rsquo;Iraty étant en travaux, le lieu de Rendez-vous est de ce fait modifié! Ce sera au Parking AGUILERA, entre l&rsquo;arrière des tribunes, et le Jaï-Alai. Le bus sera stationné vers 7h10, pour chargement des bagages, et appel des randonneurs. Un départ à 7h30 est impératif!</p>
