{"id":10483,"date":"2025-05-07T13:10:26","date_gmt":"2025-05-07T11:10:26","guid":{"rendered":"https:\/\/www.biarritzsportsretraite.fr\/?page_id=10483"},"modified":"2025-05-11T17:26:06","modified_gmt":"2025-05-11T15:26:06","slug":"concours-de-cuisine-2025","status":"publish","type":"page","link":"https:\/\/www.biarritzsportsretraite.fr\/index.php\/concours-de-cuisine-2025\/","title":{"rendered":"Concours de Cuisine 2025"},"content":{"rendered":"\t\t<div data-elementor-type=\"wp-page\" data-elementor-id=\"10483\" class=\"elementor elementor-10483\">\n\t\t\t\t<div class=\"elementor-element elementor-element-9b906f0 e-flex e-con-boxed e-con e-parent\" data-id=\"9b906f0\" data-element_type=\"container\" data-e-type=\"container\">\n\t\t\t\t\t<div class=\"e-con-inner\">\n\t\t\t\t<div class=\"elementor-element elementor-element-b5f477a elementor-widget elementor-widget-text-editor\" data-id=\"b5f477a\" data-element_type=\"widget\" data-e-type=\"widget\" data-widget_type=\"text-editor.default\">\n\t\t\t\t<div class=\"elementor-widget-container\">\n\t\t\t\t\t\t\t\t\t<p class=\"MsoNormal\"><b>Concours de Cuisine 2025\u00a0:<br \/>Jeudi 1<sup>er<\/sup>\u00a0mai 2025 de 9h00 \u00e0 12h00,\u00a0<\/b>rue d\u2019Espagne.<\/p><p class=\"MsoNormal\">Le th\u00e8me retenu cette ann\u00e9e est<b>\u00a0: Morue \u00e0 la Biscayenne<\/b><\/p><p class=\"MsoNormal\">Le concours gastronomique, dans le cadre des f\u00eates de BIBI 2025, \u00a0th\u00e8me \u00ab\u00a0BAKALAU BIZKAINA\u00a0\u00bb\u00a0(<b>Morue \u00e0 la Biscayenne)<\/b> s&rsquo;est tr\u00e8s bien pass\u00e9 !\u00a0<br \/>Les cuisiniers sont Eliane et Rafa.<\/p><p class=\"MsoNormal\">Avons obtenu cette fois-ci une belle place de quatri\u00e8me, pour dix \u00e9quipes concourantes&#8230;<\/p><p>Bonne ambiance, les\u00a0supporters (trices) de BSR\u00a0 \u00e9taient en nombre et ont fait honneur \u00e0 la\u00a0sympathique r\u00e9ception offerte..<\/p>\t\t\t\t\t\t\t\t<\/div>\n\t\t\t\t<\/div>\n\t\t\t\t\t<\/div>\n\t\t\t\t<\/div>\n\t\t<div class=\"elementor-element elementor-element-b5498c6 e-grid e-con-boxed e-con e-parent\" data-id=\"b5498c6\" data-element_type=\"container\" data-e-type=\"container\">\n\t\t\t\t\t<div class=\"e-con-inner\">\n\t\t<div class=\"elementor-element elementor-element-360ab44 e-con-full e-flex e-con e-child\" data-id=\"360ab44\" data-element_type=\"container\" data-e-type=\"container\">\n\t\t\t\t<div class=\"elementor-element elementor-element-dd8fde9 elementor-widget elementor-widget-image\" data-id=\"dd8fde9\" data-element_type=\"widget\" data-e-type=\"widget\" data-widget_type=\"image.default\">\n\t\t\t\t<div class=\"elementor-widget-container\">\n\t\t\t\t\t\t\t\t\t\t\t\t\t\t\t<img fetchpriority=\"high\" decoding=\"async\" width=\"675\" height=\"900\" src=\"https:\/\/www.biarritzsportsretraite.fr\/wp-content\/uploads\/2025\/05\/IMG_9337-768x1024.jpg\" class=\"attachment-large size-large wp-image-10498\" alt=\"\" srcset=\"https:\/\/www.biarritzsportsretraite.fr\/wp-content\/uploads\/2025\/05\/IMG_9337-768x1024.jpg 768w, https:\/\/www.biarritzsportsretraite.fr\/wp-content\/uploads\/2025\/05\/IMG_9337-225x300.jpg 225w, https:\/\/www.biarritzsportsretraite.fr\/wp-content\/uploads\/2025\/05\/IMG_9337-1152x1536.jpg 1152w, https:\/\/www.biarritzsportsretraite.fr\/wp-content\/uploads\/2025\/05\/IMG_9337-1536x2048.jpg 1536w, https:\/\/www.biarritzsportsretraite.fr\/wp-content\/uploads\/2025\/05\/IMG_9337-scaled.jpg 1920w\" sizes=\"(max-width: 675px) 100vw, 675px\" \/>\t\t\t\t\t\t\t\t\t\t\t\t\t\t\t<\/div>\n\t\t\t\t<\/div>\n\t\t\t\t<\/div>\n\t\t\t\t<div class=\"elementor-element elementor-element-38d69f8 elementor-widget elementor-widget-image\" data-id=\"38d69f8\" data-element_type=\"widget\" data-e-type=\"widget\" data-widget_type=\"image.default\">\n\t\t\t\t<div class=\"elementor-widget-container\">\n\t\t\t\t\t\t\t\t\t\t\t\t\t\t\t<img decoding=\"async\" width=\"675\" height=\"900\" src=\"https:\/\/www.biarritzsportsretraite.fr\/wp-content\/uploads\/2025\/05\/IMG_7335-1-768x1024.jpg\" class=\"attachment-large size-large wp-image-10477\" alt=\"\" srcset=\"https:\/\/www.biarritzsportsretraite.fr\/wp-content\/uploads\/2025\/05\/IMG_7335-1-768x1024.jpg 768w, https:\/\/www.biarritzsportsretraite.fr\/wp-content\/uploads\/2025\/05\/IMG_7335-1-225x300.jpg 225w, https:\/\/www.biarritzsportsretraite.fr\/wp-content\/uploads\/2025\/05\/IMG_7335-1-1152x1536.jpg 1152w, https:\/\/www.biarritzsportsretraite.fr\/wp-content\/uploads\/2025\/05\/IMG_7335-1-rotated.jpg 1512w\" sizes=\"(max-width: 675px) 100vw, 675px\" \/>\t\t\t\t\t\t\t\t\t\t\t\t\t\t\t<\/div>\n\t\t\t\t<\/div>\n\t\t\t\t<div class=\"elementor-element elementor-element-23e3ac2 elementor-widget elementor-widget-image\" data-id=\"23e3ac2\" data-element_type=\"widget\" data-e-type=\"widget\" data-widget_type=\"image.default\">\n\t\t\t\t<div class=\"elementor-widget-container\">\n\t\t\t\t\t\t\t\t\t\t\t\t\t\t\t<img decoding=\"async\" width=\"675\" height=\"900\" src=\"https:\/\/www.biarritzsportsretraite.fr\/wp-content\/uploads\/2025\/05\/IMG_20250501_115748-768x1024.jpg\" class=\"attachment-large size-large wp-image-10478\" alt=\"\" srcset=\"https:\/\/www.biarritzsportsretraite.fr\/wp-content\/uploads\/2025\/05\/IMG_20250501_115748-768x1024.jpg 768w, https:\/\/www.biarritzsportsretraite.fr\/wp-content\/uploads\/2025\/05\/IMG_20250501_115748-225x300.jpg 225w, https:\/\/www.biarritzsportsretraite.fr\/wp-content\/uploads\/2025\/05\/IMG_20250501_115748-1152x1536.jpg 1152w, https:\/\/www.biarritzsportsretraite.fr\/wp-content\/uploads\/2025\/05\/IMG_20250501_115748-1536x2048.jpg 1536w, https:\/\/www.biarritzsportsretraite.fr\/wp-content\/uploads\/2025\/05\/IMG_20250501_115748-scaled.jpg 1920w\" sizes=\"(max-width: 675px) 100vw, 675px\" \/>\t\t\t\t\t\t\t\t\t\t\t\t\t\t\t<\/div>\n\t\t\t\t<\/div>\n\t\t\t\t\t<\/div>\n\t\t\t\t<\/div>\n\t\t<div class=\"elementor-element elementor-element-44b0ab2 e-grid e-con-boxed e-con e-parent\" data-id=\"44b0ab2\" data-element_type=\"container\" data-e-type=\"container\">\n\t\t\t\t\t<div class=\"e-con-inner\">\n\t\t\t\t\t<\/div>\n\t\t\t\t<\/div>\n\t\t\t\t<\/div>\n\t\t","protected":false},"excerpt":{"rendered":"<p>Concours de Cuisine 2025\u00a0:Jeudi 1er\u00a0mai 2025 de 9h00 \u00e0 12h00,\u00a0rue d\u2019Espagne. Le th\u00e8me retenu cette ann\u00e9e est\u00a0: Morue \u00e0 la Biscayenne Le concours gastronomique, dans le cadre des f\u00eates de BIBI 2025, \u00a0th\u00e8me \u00ab\u00a0BAKALAU BIZKAINA\u00a0\u00bb\u00a0(Morue \u00e0 la Biscayenne) s&rsquo;est tr\u00e8s bien pass\u00e9 !\u00a0Les cuisiniers sont Eliane et Rafa. Avons obtenu cette fois-ci une belle place de quatri\u00e8me, pour dix \u00e9quipes concourantes&#8230; Bonne ambiance, les\u00a0supporters (trices) de BSR\u00a0 \u00e9taient en nombre et ont fait honneur \u00e0 la\u00a0sympathique r\u00e9ception offerte..<\/p>\n","protected":false},"author":5,"featured_media":0,"parent":0,"menu_order":0,"comment_status":"closed","ping_status":"closed","template":"","meta":{"_acf_changed":false,"_seopress_robots_primary_cat":"","_seopress_titles_title":"","_seopress_titles_desc":"","_seopress_robots_index":"","footnotes":""},"class_list":["post-10483","page","type-page","status-publish","hentry"],"acf":[],"_links":{"self":[{"href":"https:\/\/www.biarritzsportsretraite.fr\/index.php\/wp-json\/wp\/v2\/pages\/10483","targetHints":{"allow":["GET"]}}],"collection":[{"href":"https:\/\/www.biarritzsportsretraite.fr\/index.php\/wp-json\/wp\/v2\/pages"}],"about":[{"href":"https:\/\/www.biarritzsportsretraite.fr\/index.php\/wp-json\/wp\/v2\/types\/page"}],"author":[{"embeddable":true,"href":"https:\/\/www.biarritzsportsretraite.fr\/index.php\/wp-json\/wp\/v2\/users\/5"}],"replies":[{"embeddable":true,"href":"https:\/\/www.biarritzsportsretraite.fr\/index.php\/wp-json\/wp\/v2\/comments?post=10483"}],"version-history":[{"count":7,"href":"https:\/\/www.biarritzsportsretraite.fr\/index.php\/wp-json\/wp\/v2\/pages\/10483\/revisions"}],"predecessor-version":[{"id":10501,"href":"https:\/\/www.biarritzsportsretraite.fr\/index.php\/wp-json\/wp\/v2\/pages\/10483\/revisions\/10501"}],"wp:attachment":[{"href":"https:\/\/www.biarritzsportsretraite.fr\/index.php\/wp-json\/wp\/v2\/media?parent=10483"}],"curies":[{"name":"wp","href":"https:\/\/api.w.org\/{rel}","templated":true}]}}